 41711?
7
What is the tens digit of 514?
1
What is the tens digit of 361?
6
What is the units digit of 7787?
7
What is the units digit of 921?
1
What is the units digit of 5693?
3
What is the tens digit of 5267?
6
What is the units digit of 2196?
6
What is the tens digit of 456?
5
What is the tens digit of 509?
0
What is the hundreds digit of 8800?
8
What is the tens digit of 541?
4
What is the units digit of 91?
1
What is the tens digit of 2063?
6
What is the hundreds digit of 54581?
5
What is the hundreds digit of 13647?
6
What is the tens digit of 5079?
7
What is the ten thousands digit of 73345?
7
What is the thousands digit of 6593?
6
What is the hundreds digit of 633?
6
What is the tens digit of 9977?
7
What is the hundreds digit of 8117?
1
What is the ten thousands digit of 58077?
5
What is the hundreds digit of 1469?
4
What is the tens digit of 72?
7
What is the thousands digit of 8089?
8
What is the units digit of 3695?
5
What is the units digit of 58187?
7
What is the units digit of 49578?
8
What is the thousands digit of 2650?
2
What is the hundreds digit of 1158?
1
What is the tens digit of 704?
0
What is the ten thousands digit of 46382?
4
What is the tens digit of 4598?
9
What is the ten thousands digit of 16652?
1
What is the hundreds digit of 2341?
3
What is the units digit of 854?
4
What is the hundreds digit of 9912?
9
What is the hundreds digit of 37648?
6
What is the hundreds digit of 783?
7
What is the hundreds digit of 3122?
1
What is the tens digit of 6984?
8
What is the units digit of 3836?
6
What is the units digit of 9217?
7
What is the units digit of 1321?
1
What is the hundreds digit of 13368?
3
What is the hundreds digit of 7599?
5
What is the units digit of 1212?
2
What is the tens digit of 24942?
4
What is the units digit of 146?
6
What is the units digit of 16741?
1
What is the tens digit of 319?
1
What is the units digit of 64216?
6
What is the hundreds digit of 41475?
4
What is the tens digit of 14872?
7
What is the thousands digit of 4786?
4
What is the hundreds digit of 40339?
3
What is the hundreds digit of 29734?
7
What is the ten thousands digit of 10116?
1
What is the tens digit of 6131?
3
What is the units digit of 8248?
8
What is the hundred thousands digit of 104796?
1
What is the hundreds digit of 4471?
4
What is the ten thousands digit of 153991?
5
What is the units digit of 3104?
4
What is the units digit of 2907?
7
What is the thousands digit of 34568?
4
What is the ten thousands digit of 17855?
1
What is the units digit of 438?
8
What is the tens digit of 14551?
5
What is the hundreds digit of 11113?
1
What is the tens digit of 1279?
7
What is the units digit of 10232?
2
What is the hundreds digit of 2111?
1
What is the hundreds digit of 976?
9
What is the tens digit of 947?
4
What is the units digit of 90195?
5
What is the thousands digit of 22327?
2
What is the units digit of 1217?
7
What is the tens digit of 1022?
2
What is the tens digit of 2697?
9
What is the ten thousands digit of 15738?
1
What is the units digit of 8570?
0
What is the hundreds digit of 45887?
8
What is the ten thousands digit of 91170?
9
What is the units digit of 36931?
1
What is the units digit of 3027?
7
What is the tens digit of 2785?
8
What is the hundreds digit of 16957?
9
What is the units digit of 1520?
0
What is the hundreds digit of 13000?
0
What is the hundreds digit of 2090?
0
What is the hundreds digit of 10396?
3
What is the tens digit of 33346?
4
What is the units digit of 28468?
8
What is the units digit of 831?
1
What is the tens digit of 100480?
8
What is the tens digit of 951?
5
What is the units digit of 36009?
9
What is the hundreds digit of 9137?
1
What is the tens digit of 34915?
1
What is the hundreds digit of 755?
7
What is the thousands digit of 79105?
9
What is the hundreds digit of 262?
2
What is the tens digit of 15038?
3
What is the units digit of 140194?
4
What is the thousands digit of 3352?
3
What is the units digit of 2726?
6
What is the thousands digit of 17535?
7
What is the tens digit of 4382?
8
What is the hundreds digit of 7946?
9
What is the tens digit of 9227?
2
What is the tens digit of 4567?
6
What is the units digit of 65589?
9
What is the ten thousands digit of 57062?
5
What is the units digit of 7794?
4
What is the tens digit of 868?
6
What is the thousands digit of 42611?
2
What is the tens digit of 4384?
8
What is the tens digit of 3299?
9
What is the thousands digit of 17957?
7
What is the hundreds digit of 36822?
8
What is the thousands digit of 2018?
2
What is the units digit of 4805?
5
What is the units digit of 196304?
4
What is the hundreds digit of 812?
8
What is the tens digit of 325?
2
What is the thousands digit of 40380?
0
What is the tens digit of 1300?
0
What is the units digit of 22?
2
What is the units digit of 31947?
7
What is the units digit of 32?
2
What is the ten thousands digit of 30879?
3
What is the units digit of 5285?
5
What is the hundreds digit of 10753?
7
What is the hundreds digit of 831?
8
What is the units digit of 1343?
3
What is the hundreds digit of 61449?
4
What is the units digit of 2462?
2
What is the units digit of 4056?
6
What is the thousands digit of 39630?
9
What is the thousands digit of 5788?
5
What is the tens digit of 9418?
1
What is the hundreds digit of 48708?
7
What is the tens digit of 39289?
8
What is the units digit of 2140?
0
What is the thousands digit of 3342?
3
What is the hundreds digit of 31124?
1
What is the tens digit of 646?
4
What is the hundreds digit of 27787?
7
What is the tens digit of 1724?
2
What is the hundreds digit of 1007?
0
What is the thousands digit of 23556?
3
What is the units digit of 3018?
8
What is the ten thousands digit of 74489?
7
What is the tens digit of 150263?
6
What is the thousands digit of 2393?
2
What is the tens digit of 197?
9
What is the thousands digit of 6342?
6
What is the hundreds digit of 2921?
9
What is the ten thousands digit of 18960?
1
What is the thousands digit of 114734?
4
What is the units digit of 56659?
9
What is the tens digit of 729?
2
What is the units digit of 198?
8
What is the ten thousands digit of 16892?
1
What is the units digit of 751?
1
What is the thousands digit of 8745?
8
What is the units digit of 31?
1
What is the units digit of 2098?
8
What is the units digit of 1145?
5
What is the units digit of 67422?
2
What is the thousands digit of 2177?
2
What is the units digit of 1097?
7
What is the hundreds digit of 46812?
8
What is the hundreds digit of 1545?
5
What is the ten thousands digit of 10582?
1
What is the hundreds digit of 637?
6
What is the units digit of 1460?
0
What is the hundreds digit of 441?
4
What is the tens digit of 19551?
5
What is the thousands digit of 1739?
1
What is the hundreds digit of 1109?
1
What is the units digit of 637?
7
What is the tens digit of 2366?
6
What is the hundreds digit of 2258?
2
What is the thousands digit of 1125?
1
What is the tens digit of 21163?
6
What is the hundreds digit of 741?
7
What is the thousands digit of 9007?
9
What is the thousands digit of 12823?
2
What is the units digit of 61?
1
What is the hundreds digit of 15300?
3
What is the hundreds digit of 29054?
0
What is the thousands digit of 6425?
6
What is the tens digit of 3709?
0
What is the units digit of 3918?
8
What is the hundreds digit of 12062?
0
What is the ten thousands digit of 45674?
4
What is the tens digit of 77?
7
What is the hundreds digit of 3272?
2
What is the thousands digit of 39398?
9
What is the units digit of 4904?
4
What is the tens digit of 933?
3
What is the units digit of 9751?
1
What is the units digit of 8626?
6
What is the tens digit of 39228?
2
What is the thousands digit of 42413?
2
What is the hundreds digit of 19195?
1
What is the tens digit of 1543?
4
What is the units digit of 59575?
5
What is the tens digit of 16313?
1
What is the thousands digit of 1023?
1
What is the hundreds digit of 10512?
5
What is the hundreds digit of 425?
4
What is the hundreds digit of 4013?
0
What is the thousands digit of 22420?
2
What is the hundreds digit of 5046?
0
What is the tens digit of 953?
5
What is the units digit of 88718?
8
What is the hundreds digit of 88661?
6
What is the units digit of 36715?
5
What is the units digi